{"id":47704,"date":"2025-08-25T10:58:07","date_gmt":"2025-08-25T08:58:07","guid":{"rendered":"https:\/\/www.icareweb.com\/training-sessions\/analisis-de-vibraciones-cat-ii-iso-18436-2-certificacion\/"},"modified":"2025-08-25T10:58:19","modified_gmt":"2025-08-25T08:58:19","slug":"analisis-de-vibraciones-cat-ii-iso-18436-2-certificacion","status":"publish","type":"training","link":"https:\/\/www.icareweb.com\/es\/training-sessions\/analisis-de-vibraciones-cat-ii-iso-18436-2-certificacion\/","title":{"rendered":"AN\u00c1LISIS DE VIBRACIONES CAT II (ISO 18436-2) CERTIFICACI\u00d3N"},"content":{"rendered":"\n\t\n<div class=\"wp-block-group icare-heading-whith-line is-content-justification-space-between is-nowrap is-layout-flex wp-container-core-group-is-layout-b25edd61 wp-block-group-is-layout-flex\">\n<h2 class=\"wp-block-heading has-xx-large-font-size\">Descripci\u00f3n<\/h2>\n\n\n\n<hr class=\"wp-block-separator has-text-color has-alpha-channel-opacity has-background is-style-wide wp-container-content-9cfa9a5a\" style=\"margin-top:0.35em;margin-bottom:0;background-color:#27498c12;color:#27498c12\"\/>\n<\/div>\n\n\n\t<p>\u00bfHa formado parte de un programa de an\u00e1lisis de vibraciones en su planta durante alg\u00fan tiempo? \u00bfSabe que podr\u00eda hacer m\u00e1s para contribuir al \u00e9xito del programa? \u00bfNecesita ampliar sus conocimientos? \u00a1Nuestro seminario de Categor\u00eda II ISO es la forma perfecta de lograrlo y mucho m\u00e1s!<\/p><p>Este seminario de cuatro d\u00edas parte del curso de CATEGOR\u00cdA I de la norma ISO y proporciona la informaci\u00f3n esencial, de forma gen\u00e9rica, para implementar un programa de mantenimiento predictivo (PdM) exitoso.<\/p><p>El enfoque est\u00e1 en c\u00f3mo detectar una serie de problemas fundamentales de maquinaria utilizando nuestra Tabla Ilustrada de Diagn\u00f3sticos por Vibraciones, que describe: (1) desbalanceo, (2) desalineaci\u00f3n, (3) excentricidad del rotor, (4) holguras mec\u00e1nicas, (5) problemas en transmisiones por correas, y (6) problemas de pie blando, utilizando tanto an\u00e1lisis espectral como de fase.<\/p><p>Tambi\u00e9n se brinda informaci\u00f3n introductoria sobre la detecci\u00f3n de problemas de resonancia, rodamientos de elementos rodantes, engranajes, problemas relacionados con el flujo y fallos el\u00e9ctricos.<\/p><p>Un procedimiento tabulado comprobado, C\u00f3mo Especificar Alarmas Significativas Globales y por Bandas Espectrales para Diversos Tipos de Maquinaria y Velocidades de Operaci\u00f3n, muestra claramente c\u00f3mo establecer niveles de alarma para diferentes bandas de frecuencia.<\/p><p>Se abordan las posibles dificultades en las mediciones y su efecto en el diagn\u00f3stico de problemas y la evaluaci\u00f3n de su gravedad.<\/p><p>Se presentan casos reales para ilustrar claramente los m\u00e9todos de diagn\u00f3stico ense\u00f1ados.<\/p><p>\u00bfNecesita ampliar su base de conocimientos pero no sabe por d\u00f3nde empezar? Nuestro curso de Categor\u00eda II est\u00e1 espec\u00edficamente dise\u00f1ado para profundizar en los fundamentos aprendidos en la Categor\u00eda I y llevar sus habilidades de an\u00e1lisis de vibraciones al siguiente nivel.<\/p><p>El curso concluye con un examen que, una vez aprobado, certifica al participante como Analista de Vibraciones Categor\u00eda II seg\u00fan la norma ISO.<\/p>\n\t\r\n\r\n\n\t\n<div class=\"wp-block-group icare-heading-whith-line is-content-justification-space-between is-nowrap is-layout-flex wp-container-core-group-is-layout-b25edd61 wp-block-group-is-layout-flex\">\n<h2 class=\"wp-block-heading has-xx-large-font-size\">P\u00fablico recomendado<\/h2>\n\n\n\n<hr class=\"wp-block-separator has-text-color has-alpha-channel-opacity has-background is-style-wide wp-container-content-9cfa9a5a\" style=\"margin-top:0.35em;margin-bottom:0;background-color:#27498c12;color:#27498c12\"\/>\n<\/div>\n\n\n\t<p>Este curso est\u00e1 recomendado para los analistas que deseen estudiar t\u00e9cnicas y aplicaciones del an\u00e1lisis de vibraciones, as\u00ed como para los responsables de mantenimiento e ingenieros de fiabilidad.<\/p>\n\t\r\n\r\n\n\t\n<div class=\"wp-block-group icare-heading-whith-line is-content-justification-space-between is-nowrap is-layout-flex wp-container-core-group-is-layout-b25edd61 wp-block-group-is-layout-flex\">\n<h2 class=\"wp-block-heading has-xx-large-font-size\">Objetivos de aprendizaje<\/h2>\n\n\n\n<hr class=\"wp-block-separator has-text-color has-alpha-channel-opacity has-background is-style-wide wp-container-content-9cfa9a5a\" style=\"margin-top:0.35em;margin-bottom:0;background-color:#27498c12;color:#27498c12\"\/>\n<\/div>\n\n\n\t<ul class=\"wp-block-list\"><li>Comprender los principios fundamentales del an&aacute;lisis de vibraciones aplicado al mantenimiento predictivo<\/li><li>Aprender a detectar fallos comunes en maquinaria<\/li><li>Ser capaz de utilizar el an&aacute;lisis espectral y de fase para identificar estos problemas<\/li><li>Saber c&oacute;mo definir alarmas globales y por bandas espectrales significativas para distintos tipos de m&aacute;quinas y velocidades de funcionamiento<\/li><li>Ser capaz de definir bandas de frecuencia, l&iacute;neas FFT, n&uacute;mero de promedios y el par&aacute;metro de vibraci&oacute;n adecuado seg&uacute;n las caracter&iacute;sticas de la m&aacute;quina<\/li><li>Identificar errores comunes en la medici&oacute;n y comprender su impacto en el diagn&oacute;stico de fallos y la evaluaci&oacute;n de su gravedad<\/li><li>Ser capaz de analizar e interpretar estudios de casos reales para aplicar eficazmente los m&eacute;todos de diagn&oacute;stico<\/li><li>Prepararse y obtener la certificaci&oacute;n de Analista de Vibraciones Categor&iacute;a II ISO mediante la superaci&oacute;n exitosa del examen<\/li><\/ul>\n\t\r\n\r\n\n\t\n<div class=\"wp-block-group icare-heading-whith-line is-content-justification-space-between is-nowrap is-layout-flex wp-container-core-group-is-layout-b25edd61 wp-block-group-is-layout-flex\">\n<h2 class=\"wp-block-heading has-xx-large-font-size\">Programa<\/h2>\n\n\n\n<hr class=\"wp-block-separator has-text-color has-alpha-channel-opacity has-background is-style-wide wp-container-content-9cfa9a5a\" style=\"margin-top:0.35em;margin-bottom:0;background-color:#27498c12;color:#27498c12\"\/>\n<\/div>\n\n\n\t<ul class=\"wp-block-list\"><li>Introducci&oacute;n al an&aacute;lisis de vibraciones y al mantenimiento predictivo<\/li><\/ul><ul class=\"wp-block-list\"><li>&iquest;Qu&eacute; son las vibraciones y c&oacute;mo se pueden utilizar para evaluar el estado de las m&aacute;quinas?<\/li><\/ul><ul class=\"wp-block-list\"><li>Visi&oacute;n general de las ventajas y limitaciones de los instrumentos t&iacute;picos de medici&oacute;n de vibraciones<\/li><\/ul><p>\u00a0\u00a0\u00a0\u00a0\u2022 \u00bfQu\u00e9 es la frecuencia y c\u00f3mo se relaciona con la forma de onda temporal?<\/p><p>\u00a0\u00a0\u00a0\u00a0\u00a0\u00a0\u00a0\u00a0\u2022 \u00bfQu\u00e9 son el desplazamiento, la velocidad y la aceleraci\u00f3n de la vibraci\u00f3n?<\/p><p>\u00a0\u00a0\u00a0\u00a0\u00a0\u00a0\u00a0\u00a0\u2022 C\u00f3mo convertir de un par\u00e1metro de vibraci\u00f3n a otro (por ejemplo, de in\/s a g, etc.)<\/p><p>\u00a0\u00a0\u00a0\u00a0\u00a0\u00a0\u00a0\u00a0\u2022 \u00bfQu\u00e9 es la fase?<\/p><p>\u00a0\u00a0\u00a0\u00a0\u00a0\u00a0\u00a0\u00a0\u2022 \u00bfQu\u00e9 es un espectro de vibraci\u00f3n (tambi\u00e9n llamado \u201cFFT\u201d o \u201cfirma vibratoria\u201d)?<\/p><p>\u00a0\u00a0\u00a0\u00a0\u00a0\u00a0\u00a0\u00a0\u2022 Efecto del n\u00famero de l\u00edneas FFT en la precisi\u00f3n de frecuencia<\/p><p>\u00a0\u00a0\u00a0\u00a0\u00a0\u00a0\u00a0\u00a0\u2022 Diferencias entre amplitud RMS, pico y pico a pico y su significado<\/p><p>\u00a0\u00a0\u00a0\u00a0\u00a0\u00a0\u00a0\u00a0\u2022 Cu\u00e1ndo utilizar desplazamiento, velocidad o aceleraci\u00f3n<\/p><p>\u00a0\u00a0\u00a0\u00a0\u00a0\u00a0\u00a0\u00a0\u2022 \u00bfCu\u00e1nta vibraci\u00f3n es demasiada?<\/p><ul class=\"wp-block-list\"><li>Visi&oacute;n general de varios transductores de vibraci&oacute;n y sus aplicaciones &oacute;ptimas<\/li><\/ul><ul class=\"wp-block-list\"><li>Rol del envolvente de alta frecuencia (HFE) y de la detecci&oacute;n de alta frecuencia (HFD) en la detecci&oacute;n y seguimiento de ciertos fallos<\/li><\/ul><ul class=\"wp-block-list\"><li>Introducci&oacute;n al an&aacute;lisis de firmas vibratorias y c&oacute;mo se utiliza para evaluar el estado operativo de las m&aacute;quinas<\/li><\/ul><p>\u00a0\u00a0\u00a0\u00a0\u2022 Descripci\u00f3n general del gr\u00e1fico ilustrado de diagn\u00f3stico de vibraciones de 5 p\u00e1ginas<\/p><ul class=\"wp-block-list\"><li>M&eacute;todo probado para definir niveles de alarma por bandas espectrales y frecuencias usando los sistemas de software actuales de mantenimiento predictivo<\/li><\/ul><ul class=\"wp-block-list\"><li>Gu&iacute;a para pruebas de aceptaci&oacute;n de vibraciones en m&aacute;quinas nuevas o reacondicionadas<\/li><\/ul><ul class=\"wp-block-list\"><li>Fundamentos operativos de m&aacute;quinas comunes y ubicaciones recomendadas para realizar mediciones de vibraci&oacute;n<\/li><\/ul><ul class=\"wp-block-list\"><li>Casos reales de diagn&oacute;sticos por vibraciones en distintos tipos de maquinaria<\/li><\/ul>\n\t\r\n\r\n\n\t\n<div class=\"wp-block-group icare-heading-whith-line is-content-justification-space-between is-nowrap is-layout-flex wp-container-core-group-is-layout-b25edd61 wp-block-group-is-layout-flex\">\n<h2 class=\"wp-block-heading has-xx-large-font-size\">Requisitos previos<\/h2>\n\n\n\n<hr class=\"wp-block-separator has-text-color has-alpha-channel-opacity has-background is-style-wide wp-container-content-9cfa9a5a\" style=\"margin-top:0.35em;margin-bottom:0;background-color:#27498c12;color:#27498c12\"\/>\n<\/div>\n\n\n\t<p>Se recomienda tener entre 3 y 6 meses de experiencia espec\u00edfica en an\u00e1lisis de vibraciones. Sin embargo, para obtener la certificaci\u00f3n como Analista de Vibraciones Categor\u00eda II seg\u00fan la norma ISO 18436, el participante deber\u00e1 contar con un m\u00ednimo de 18 meses de experiencia pr\u00e1ctica en la aplicaci\u00f3n de t\u00e9cnicas de an\u00e1lisis de vibraciones. Si el participante no dispone de esta experiencia en el momento del examen, se emitir\u00e1 un certificado provisional, y la certificaci\u00f3n completa se entregar\u00e1 una vez cumplidos los requisitos de experiencia profesional.<\/p>\n\t\r\n\r\n\n\t\n<div class=\"wp-block-group icare-heading-whith-line is-content-justification-space-between is-nowrap is-layout-flex wp-container-core-group-is-layout-b25edd61 wp-block-group-is-layout-flex\">\n<h2 class=\"wp-block-heading has-xx-large-font-size\">Duraci\u00f3n del curso<\/h2>\n\n\n\n<hr class=\"wp-block-separator has-text-color has-alpha-channel-opacity has-background is-style-wide wp-container-content-9cfa9a5a\" style=\"margin-top:0.35em;margin-bottom:0;background-color:#27498c12;color:#27498c12\"\/>\n<\/div>\n\n\n\t<p>4 d\u00edas, con examen en la ma\u00f1ana del d\u00eda 5<\/p>\n\t","protected":false},"featured_media":0,"menu_order":0,"template":"","meta":{"_acf_changed":false,"_seopress_robots_primary_cat":"","_seopress_titles_title":"","_seopress_titles_desc":"","_seopress_robots_index":"","content-type":"","inline_featured_image":false},"training_category":[146],"class_list":{"0":"post-47704","1":"training","2":"type-training","3":"status-publish","5":"training_category-vibration"},"acf":[],"_links":{"self":[{"href":"https:\/\/www.icareweb.com\/es\/wp-json\/wp\/v2\/training\/47704","targetHints":{"allow":["GET"]}}],"collection":[{"href":"https:\/\/www.icareweb.com\/es\/wp-json\/wp\/v2\/training"}],"about":[{"href":"https:\/\/www.icareweb.com\/es\/wp-json\/wp\/v2\/types\/training"}],"wp:attachment":[{"href":"https:\/\/www.icareweb.com\/es\/wp-json\/wp\/v2\/media?parent=47704"}],"wp:term":[{"taxonomy":"training_category","embeddable":true,"href":"https:\/\/www.icareweb.com\/es\/wp-json\/wp\/v2\/training_category?post=47704"}],"curies":[{"name":"wp","href":"https:\/\/api.w.org\/{rel}","templated":true}]}}

ANÁLISIS DE VIBRACIONES CAT II (ISO 18436-2) CERTIFICACIÓN

<div class="wp-block-group icare-heading-whith-line is-content-justification-space-between is-nowrap is-layout-flex wp-container-core-group-is-layout-b25edd61 wp-block-group-is-layout-flex">
<h2 class="wp-block-heading has-xx-large-font-size">Descripción</h2>



<hr class="wp-block-separator has-text-color has-alpha-channel-opacity has-background is-style-wide wp-container-content-9cfa9a5a" style="margin-top:0.35em;margin-bottom:0;background-color:#27498c12;color:#27498c12"/>
</div>


	<p>¿Ha formado parte de un programa de análisis de vibraciones en su planta durante algún tiempo? ¿Sabe que podría hacer más para contribuir al éxito del programa? ¿Necesita ampliar sus conocimientos? ¡Nuestro seminario de Categoría II ISO es la forma perfecta de lograrlo y mucho más!</p><p>Este seminario de cuatro días parte del curso de CATEGORÍA I de la norma ISO y proporciona la información esencial, de forma genérica, para implementar un programa de mantenimiento predictivo (PdM) exitoso.</p><p>El enfoque está en cómo detectar una serie de problemas fundamentales de maquinaria utilizando nuestra Tabla Ilustrada de Diagnósticos por Vibraciones, que describe: (1) desbalanceo, (2) desalineación, (3) excentricidad del rotor, (4) holguras mecánicas, (5) problemas en transmisiones por correas, y (6) problemas de pie blando, utilizando tanto análisis espectral como de fase.</p><p>También se brinda información introductoria sobre la detección de problemas de resonancia, rodamientos de elementos rodantes, engranajes, problemas relacionados con el flujo y fallos eléctricos.</p><p>Un procedimiento tabulado comprobado, Cómo Especificar Alarmas Significativas Globales y por Bandas Espectrales para Diversos Tipos de Maquinaria y Velocidades de Operación, muestra claramente cómo establecer niveles de alarma para diferentes bandas de frecuencia.</p><p>Se abordan las posibles dificultades en las mediciones y su efecto en el diagnóstico de problemas y la evaluación de su gravedad.</p><p>Se presentan casos reales para ilustrar claramente los métodos de diagnóstico enseñados.</p><p>¿Necesita ampliar su base de conocimientos pero no sabe por dónde empezar? Nuestro curso de Categoría II está específicamente diseñado para profundizar en los fundamentos aprendidos en la Categoría I y llevar sus habilidades de análisis de vibraciones al siguiente nivel.</p><p>El curso concluye con un examen que, una vez aprobado, certifica al participante como Analista de Vibraciones Categoría II según la norma ISO.</p>
	


	
<div class="wp-block-group icare-heading-whith-line is-content-justification-space-between is-nowrap is-layout-flex wp-container-core-group-is-layout-b25edd61 wp-block-group-is-layout-flex">
<h2 class="wp-block-heading has-xx-large-font-size">Público recomendado</h2>



<hr class="wp-block-separator has-text-color has-alpha-channel-opacity has-background is-style-wide wp-container-content-9cfa9a5a" style="margin-top:0.35em;margin-bottom:0;background-color:#27498c12;color:#27498c12"/>
</div>


	<p>Este curso está recomendado para los analistas que deseen estudiar técnicas y aplicaciones del análisis de vibraciones, así como para los responsables de mantenimiento e ingenieros de fiabilidad.</p>
	


	
<div class="wp-block-group icare-heading-whith-line is-content-justification-space-between is-nowrap is-layout-flex wp-container-core-group-is-layout-b25edd61 wp-block-group-is-layout-flex">
<h2 class="wp-block-heading has-xx-large-font-size">Objetivos de aprendizaje</h2>



<hr class="wp-block-separator has-text-color has-alpha-channel-opacity has-background is-style-wide wp-container-content-9cfa9a5a" style="margin-top:0.35em;margin-bottom:0;background-color:#27498c12;color:#27498c12"/>
</div>


	<ul class="wp-block-list"><li>Comprender los principios fundamentales del an&aacute;lisis de vibraciones aplicado al mantenimiento predictivo</li><li>Aprender a detectar fallos comunes en maquinaria</li><li>Ser capaz de utilizar el an&aacute;lisis espectral y de fase para identificar estos problemas</li><li>Saber c&oacute;mo definir alarmas globales y por bandas espectrales significativas para distintos tipos de m&aacute;quinas y velocidades de funcionamiento</li><li>Ser capaz de definir bandas de frecuencia, l&iacute;neas FFT, n&uacute;mero de promedios y el par&aacute;metro de vibraci&oacute;n adecuado seg&uacute;n las caracter&iacute;sticas de la m&aacute;quina</li><li>Identificar errores comunes en la medici&oacute;n y comprender su impacto en el diagn&oacute;stico de fallos y la evaluaci&oacute;n de su gravedad</li><li>Ser capaz de analizar e interpretar estudios de casos reales para aplicar eficazmente los m&eacute;todos de diagn&oacute;stico</li><li>Prepararse y obtener la certificaci&oacute;n de Analista de Vibraciones Categor&iacute;a II ISO mediante la superaci&oacute;n exitosa del examen</li></ul>
	


	
<div class="wp-block-group icare-heading-whith-line is-content-justification-space-between is-nowrap is-layout-flex wp-container-core-group-is-layout-b25edd61 wp-block-group-is-layout-flex">
<h2 class="wp-block-heading has-xx-large-font-size">Programa</h2>



<hr class="wp-block-separator has-text-color has-alpha-channel-opacity has-background is-style-wide wp-container-content-9cfa9a5a" style="margin-top:0.35em;margin-bottom:0;background-color:#27498c12;color:#27498c12"/>
</div>


	<ul class="wp-block-list"><li>Introducci&oacute;n al an&aacute;lisis de vibraciones y al mantenimiento predictivo</li></ul><ul class="wp-block-list"><li>&iquest;Qu&eacute; son las vibraciones y c&oacute;mo se pueden utilizar para evaluar el estado de las m&aacute;quinas?</li></ul><ul class="wp-block-list"><li>Visi&oacute;n general de las ventajas y limitaciones de los instrumentos t&iacute;picos de medici&oacute;n de vibraciones</li></ul><p>    • ¿Qué es la frecuencia y cómo se relaciona con la forma de onda temporal?</p><p>        • ¿Qué son el desplazamiento, la velocidad y la aceleración de la vibración?</p><p>        • Cómo convertir de un parámetro de vibración a otro (por ejemplo, de in/s a g, etc.)</p><p>        • ¿Qué es la fase?</p><p>        • ¿Qué es un espectro de vibración (también llamado “FFT” o “firma vibratoria”)?</p><p>        • Efecto del número de líneas FFT en la precisión de frecuencia</p><p>        • Diferencias entre amplitud RMS, pico y pico a pico y su significado</p><p>        • Cuándo utilizar desplazamiento, velocidad o aceleración</p><p>        • ¿Cuánta vibración es demasiada?</p><ul class="wp-block-list"><li>Visi&oacute;n general de varios transductores de vibraci&oacute;n y sus aplicaciones &oacute;ptimas</li></ul><ul class="wp-block-list"><li>Rol del envolvente de alta frecuencia (HFE) y de la detecci&oacute;n de alta frecuencia (HFD) en la detecci&oacute;n y seguimiento de ciertos fallos</li></ul><ul class="wp-block-list"><li>Introducci&oacute;n al an&aacute;lisis de firmas vibratorias y c&oacute;mo se utiliza para evaluar el estado operativo de las m&aacute;quinas</li></ul><p>    • Descripción general del gráfico ilustrado de diagnóstico de vibraciones de 5 páginas</p><ul class="wp-block-list"><li>M&eacute;todo probado para definir niveles de alarma por bandas espectrales y frecuencias usando los sistemas de software actuales de mantenimiento predictivo</li></ul><ul class="wp-block-list"><li>Gu&iacute;a para pruebas de aceptaci&oacute;n de vibraciones en m&aacute;quinas nuevas o reacondicionadas</li></ul><ul class="wp-block-list"><li>Fundamentos operativos de m&aacute;quinas comunes y ubicaciones recomendadas para realizar mediciones de vibraci&oacute;n</li></ul><ul class="wp-block-list"><li>Casos reales de diagn&oacute;sticos por vibraciones en distintos tipos de maquinaria</li></ul>
	


	
<div class="wp-block-group icare-heading-whith-line is-content-justification-space-between is-nowrap is-layout-flex wp-container-core-group-is-layout-b25edd61 wp-block-group-is-layout-flex">
<h2 class="wp-block-heading has-xx-large-font-size">Requisitos previos</h2>



<hr class="wp-block-separator has-text-color has-alpha-channel-opacity has-background is-style-wide wp-container-content-9cfa9a5a" style="margin-top:0.35em;margin-bottom:0;background-color:#27498c12;color:#27498c12"/>
</div>


	<p>Se recomienda tener entre 3 y 6 meses de experiencia específica en análisis de vibraciones. Sin embargo, para obtener la certificación como Analista de Vibraciones Categoría II según la norma ISO 18436, el participante deberá contar con un mínimo de 18 meses de experiencia práctica en la aplicación de técnicas de análisis de vibraciones. Si el participante no dispone de esta experiencia en el momento del examen, se emitirá un certificado provisional, y la certificación completa se entregará una vez cumplidos los requisitos de experiencia profesional.</p>
	


	
<div class="wp-block-group icare-heading-whith-line is-content-justification-space-between is-nowrap is-layout-flex wp-container-core-group-is-layout-b25edd61 wp-block-group-is-layout-flex">
<h2 class="wp-block-heading has-xx-large-font-size">Duración del curso</h2>



<hr class="wp-block-separator has-text-color has-alpha-channel-opacity has-background is-style-wide wp-container-content-9cfa9a5a" style="margin-top:0.35em;margin-bottom:0;background-color:#27498c12;color:#27498c12"/>
</div>


	<p>4 días, con examen en la mañana del día 5</p>
